= 2*s + 2*s - 48. Let j be (-2)/6 + 52/s. Suppose 2*h = -2*x + 4, -2*h - j*x + 2 = -8. Let o(l) = 13*l**2. Give o(h).
13
Suppose 70 = -13*i - 73. Let y(t) = -2*t - 10. What is y(i)?
12
Let d(f) be the first derivative of 1 + 1/4*f**4 + 2*f - 2/3*f**3 - 2*f**2. What is d(3)?
-1
Let j(r) = -r**2 + r - 6. Let k be j(0). Let x(n) = -n**3 - 9*n**2 + 6*n. Let v(h) = 3*h**3 + 26*h**2 - 16*h. Let u(z) = 3*v(z) + 8*x(z). Calculate u(k).
0
Let t(v) be the first derivative of v**3/3 + 2*v**2 - v + 1. Let g(h) = h**3 - 15*h**2 + 14*h - 2. Let z be g(14). Let u be (z + -3 + 6)/(2/(-4)). Give t(u).
-5
Let a(l) = 6 + 0 - 3*l + 3 - l**2 + 1. Give a(-4).
6
Let w(k) = k**3 + k. Let o(l) = 7*l**3 + 8*l**2 + 4*l - 7. Let z(q) = -o(q) + 6*w(q). Give z(-8).
-9
Suppose f + 2*p - 11 = 0, -2*f + 1 = -4*p + 3. Let l(a) be the second derivative of 1/20*a**5 - 1/2*a**3 + 0 + 5*a - 1/3*a**4 - 5/2*a**2. Calculate l(f).
5
Let t(l) = -2*l - l**2 - l - 2*l - 2*l. Let u(q) = 5*q + 26. Let h be u(-6). Calculate t(h).
12
Let g(l) = 17 + 5*l**2 + 2 + 2 + 7 - 27. Determine g(2).
21
Let g(q) = 38*q - 462. Let c be g(12). Let i(u) be the second derivative of -u**5/20 - 5*u**4/12 + u**3 - u**2/2 - 2*u. Determine i(c).
-1
Let x(k) = -7*k**3 - 17*k**2 - 10*k + 7. Let m(w) = 10*w**3 + 27*w**2 + 16*w - 11. Let t(d) = -5*m(d) - 8*x(d). Calculate t(1).
6
Let f(k) = -k**3 - 3*k**2 + 1. Let x(j) = -j + 9. Let d be x(6). Suppose z + 14 = -d*w, -2*z - 4*w = -6*w - 4. Determine f(z).
-3
Let v(i) be the third derivative of -i**4/24 + 3*i**3 + 207*i**2. Calculate v(15).
3
Let l(k) be the third derivative of -k**5/60 - k**3/6 + 3*k**2. Suppose -2*f = z - 4 + 3, 10 = 3*z - f. Determine l(z).
-10
Let j(c) = -2*c**2 + c + 1. Let a be 18/12*-2*1. Let f be (5 + -4)*(-19 + a). Let i = f + 24. What is j(i)?
-5
Let v(y) = 2*y**2 - 2*y - 3. Suppose l + p = 2, 0*p + 16 = 4*p. Let b be v(l). Suppose -3*o - b = -0. Let r(c) = c + 5. Calculate r(o).
2
Let n(q) = q. Let x(p) = -4*p**2 - 8*p + 1. Let j(s) = -6*n(s) - x(s). Calculate j(1).
5
Let q(z) = z - 2. Let n = -6 + 12. Let j = n + 8. Let g = -9 + j. Determine q(g).
3
Let i(t) = -t - 11. Let z(o) = 2*o + 26. Let b(p) = -5*i(p) - 2*z(p). What is b(-2)?
1
Let v(y) be the first derivative of -y**3/3 + y**2 + 11*y - 26. What is v(8)?
-37
Let h(s) = -10*s + s**2 + 0*s - 42 + 24*s - 17*s - 12*s. Calculate h(17).
-8
Let x = 12 - 10. Suppose 7 = a + 4*a + x*q, -a + 19 = -4*q. Let k(b) = b**2 - 3*b. Let d(s) = -2*s**2 + 2*s - 1. Let f(h) = a*k(h) + 2*d(h). Give f(-5).
-2
Let l(p) = -p**2 - 11*p - 22. Let w be l(-6). Let a be -1 + w + (-1 - -3 - 3). Let h(t) = -t**2 + 4*t - 6. Determine h(a).
-18
Suppose -27*b + 23*b - 35 = s, 2*s + 2*b + 40 = 0. Let v(z) = z**3 + 14*z**2 - 14*z + 13. Calculate v(s).
-2
Let f be (18/24)/((-3)/(-8)). Let m(w) = -f*w + 2*w - 2*w - 2 + 3*w. Suppose -q - 2*c = -0*q + 10, 25 = -5*c. What is m(q)?
-2
Suppose 4*l - 5*v = 34 - 6, v = 4*l - 12. Let j(w) = 2*w**l - 2 + 2*w - 2*w. Give j(2).
6
Let g(p) = p**2 - 6*p + 4. Let d(v) = 8*v - 25. Let r be d(4). Let s = -4 + 16. Suppose 9*o - s = r*o. Calculate g(o).
4
Let f(r) = -5*r**3 - 19*r**2 + 3*r - 13. Let i(s) = 4*s**3 + 18*s**2 - 2*s + 13. Let d(n) = 3*f(n) + 4*i(n). Give d(-15).
-2
Let l(g) = g + 1. Let j be l(-3). Let v(x) be the second derivative of -3*x**3/2 - x**2/2 - 60*x. Give v(j).
17
Let a(r) = -r**3 + 5*r**2 - 3*r - 1. Let p be a(4). Let i(h) = 19*h**3 - 3*h**3 - 4*h**2 + 5*h - 4 - 3*h**p - 12*h**3. Determine i(3).
2
Let w(b) = 10 + 2 - b - 1 - 7. What is w(3)?
1
Let d = 22 - 19. Let m(h) = h**2 + 3*h - 6. Give m(d).
12
Let z(u) = 22*u**2 - 8*u - 4. Let f(p) = -19*p**2 + 7*p + 3. Let w(h) = 7*f(h) + 6*z(h). Let b = -1 - -4. Determine w(b).
-9
Suppose -5*v + 0*c + 4*c - 10 = 0, 10 = 2*c. Let h(o) = o**3 - 6*o - 2*o + 4*o - v - 2*o**2. Calculate h(-2).
-10
Let o be (-78)/(-18) - 2/(-3). Suppose 0*w - 4*w = -u + 21, 20 = -o*u - 5*w. Let a(s) = -u - 2*s**2 - 2*s**3 + 2*s + s - s + 2. Determine a(-2).
5
Suppose -b + 32 = -3*b + 4*c, -c - 19 = 4*b. Let t = 15 + -7. Let w(a) = t - a + 2*a - 1. Determine w(b).
1
Suppose -44 = -6*h - 26. Let c(m) = 3*m**2 - 5*m + 2. What is c(h)?
14
Let d(y) = -2 - 2*y - 8*y + 11*y. Let j(q) = -q + 2. Let m(v) = -3*d(v) - 4*j(v). What is m(4)?
2
Let x(f) be the second derivative of f**4/12 - 2*f**3/3 + f**2/2 + 10*f. Let o(n) = -n**2 + 1. Let q be o(-3). Let d be 4*-2*3/q. Calculate x(d).
-2
Let y be -242*(1 + (-11)/2 + 4). Let t = y - 118. Let v(d) = -d**3 + d**2 + 3*d + 1. Calculate v(t).
-8
Let x(y) = -29*y - 7 - 5 + 12*y + y**2 + 9*y - 1. What is x(11)?
20
Let g(m) = -55*m + 27*m + 2*m**2 - 3*m**2 + 24*m. Suppose -a - 6 = -3, 2*a + 10 = i. Let j = -8 + i. What is g(j)?
0
Suppose 2*q + 5*j + 4 = 2, -5*q = 3*j + 5. Let h(b) = -b. Let x(l) = 8*l - 3. Let f(o) = q*x(o) - 3*h(o). Determine f(2).
-7
Let a(q) = 2*q**2 + 9*q - 12. Suppose 2*f + 12 = -2*k, -5*k - 13*f - 28 = -10*f. Calculate a(k).
-7
Let a(o) = o + 4. Let p be a(3). Let f(x) = -x**2 - 11. Let j(z) = z**3 - 13*z**2 - 65. Let u(c) = -6*f(c) + j(c). Calculate u(p).
1
Let w(f) = -f**3 - 7*f**2 - 7*f + 3. Let d(o) = o**3 + 68*o**2 + 258*o + 2. Let i be d(-4). Calculate w(i).
9
Let o(j) = -703*j - 3 + 700*j - 14. Determine o(-7).
4
Let i(j) = 2*j**2 - 7*j - 7. Suppose 6 = 5*q - 3*b, 2*q - 3*b - 6 = -0*b. Let a(o) = -2 - o + 1 + q. Let d(p) = -6*a(p) + i(p). Determine d(-1).
2
Suppose -p - 2*p - 4*b + 9 = 0, 2*b - 15 = -5*p. Let y(f) = -3*f**p + 6*f**3 - 6*f**2 - 2*f**3 + 6 - 8*f. Suppose 862*c - 7 = 861*c. Give y(c).
-1
Suppose 0*q - 5*q = -4*s - 12, 10 = -3*s + 4*q. Suppose w + s + 0 = 3*g, 0 = 4*w - 4*g. Let y(l) = -3 + 1 + l + l**2 + 1 - 10*l**3. Calculate y(w).
-9
Let k(h) = -21 + 5 - 22 + 7 - 4*h + 5*h. Determine k(15).
-16
Let i(t) be the second derivative of 7/20*t**5 + 0*t**2 - 1/4*t**4 + 0 + 1/2*t**3 - t. Let d(l) = 4*l**3 - l**2 + l. Let o(g) = 5*d(g) - 3*i(g). Calculate o(3).
-3
Let j be (22/33)/((-1)/3). Let i(w) be the first derivative of -3*w**4/8 - w**3/2 + w**2 + 2. Let z(l) be the second derivative of i(l). What is z(j)?
15
Let d(y) be the third derivative of 0*y - 1/120*y**5 + 0 - 12*y**2 + 0*y**3 + 1/240*y**6 + 7/12*y**4. Let j(u) be the second derivative of d(u). Determine j(5).
14
Let f(p) = 8*p**2 - 34 - 8 + 9*p**2 + 17*p - 16*p**2. Let g be f(-19). Let y(u) = u**2 + 3*u - 3. Determine y(g).
1
Suppose 2*g = 5*v + 10, v + 22 = 5*g - 26. Let o(i) = -i**3 + 11*i**2 - 9*i + 1. Determine o(g).
11
Let g(s) = -3*s**3 - s - 1. Let n(t) = 7*t**3 - 5*t**2 - 7*t + 10. Let d(f) = 2*g(f) + n(f). Give d(6).
-10
Let h(t) = 7*t**3 - 3*t**2 - 6*t**3 + 0*t**2 - 1 - 5*t**2 - 4*t - 2*t**3. Calculate h(-7).
-22
Let o(x) = -x**3 + 10*x**2 - x. Let i be o(10). Let d = 15 + i. Suppose d*t = 5*k - 25, 3*k = -k. Let c(b) = b**2 + 7*b + 6. Calculate c(t).
-4
Let t(n) = -n**2 - 3*n - 1. Let o(a) = -3*a**2 - 12*a - 7. Let p(r) = -o(r) + 4*t(r). Calculate p(0).
3
Let d(k) = -13*k - 5. Suppose 45*h + 76 = -14. Give d(h).
21
Let l(g) be the third derivative of -5*g**4/12 + g**3/2 - 480*g**2. What is l(2)?
-17
Suppose 5*v = 5*b - 125, 4*v - 167 = -4*b - 27. Let i = 24 - b. Let c(y) = -y**2 - 9*y - 3. Determine c(i).
15
Let j be (-16)/(-520)*-5 + (-132)/(-13). Let u(p) = p**2 - 11*p + 8. Determine u(j).
-2
Let y(p) be the third derivative of -p**6/60 + p**5/30 - p**4/12 + p**3/6 - 3*p**2 + 32*p. Let w(u) = -u**3 - 8*u**2 - u - 7. Let g be w(-8). Calculate y(g).
-1
Let p = -1 - -2. Let x(u) = 112*u - u**2 - 330*u + 109*u - 8*u**3 + 110*u. Calculate x(p).
-8
Let q(o) = -10*o - 26. Let l(a) = 12*a + 28. Let b(c) = 6*l(c) + 7*q(c). Determine b(7).
0
Let x = 28 + -30. Let i be ((-5)/2)/(x/4). Let r(b) = -3*b - 3 - b - i*b + 3*b. Calculate r(-2).
9
Let i(s) = 11*s**2 - s - 12. Let d(r) = -2*r + r - 1 - 7 - 76*r**2 + 83*r**2. Let p(k) = 8*d(k) - 5*i(k). Give p(5).
6
Let n(w) = w**2 + 11*w - 25. Let u be n(-13). Let t(g) = -2*g - 1. Give t(u).
-3
Let w(l) = -l**3 + 4*l**2. Suppose 17 - 9 = 4*z. Let f be (5 - -1)*1/z. Suppose 0 = f*d - 12. Determine w(d).
0
Let y(j) = -j + 4. Let o be y(8). Let p(s) = -3*s**3 - 5*s**2 - 3*s + 1. Let q(v) = -4*v**3 - 5*v**2 - 4*v + 1. Let r(c) = o*q(c) + 5*p(c). Calculate r(5).
6
Suppose 0 = -2*y, -3*d + 2 + 1 = 5*y. Let x(q) = -9*q**2 + q - 1. Calculate x(d).
-9
Let j be -1 - (1 - 1) 